 8.
-10
What is 2 (base 7) in base 9?
2
1000110 (base 2) to base 4
1012
Convert -4 (base 7) to base 2.
-100
0 (base 5) to base 13
0
What is -5 (base 11) in base 4?
-11
What is -300 (base 4) in base 13?
-39
What is 30 (base 16) in base 5?
143
Convert 0 (base 4) to base 16.
0
Convert 100 (base 5) to base 13.
1c
7 (base 11) to base 15
7
What is -1000 (base 2) in base 9?
-8
Convert 100011 (base 3) to base 15.
117
Convert 1 (base 2) to base 14.
1
78 (base 12) to base 11
84
What is 2 (base 12) in base 6?
2
Convert 121 (base 10) to base 11.
100
1 (base 8) to base 4
1
Convert 9 (base 15) to base 13.
9
What is -c (base 14) in base 3?
-110
20 (base 3) to base 15
6
What is 13 (base 10) in base 15?
d
Convert -81 (base 11) to base 3.
-10022
-101 (base 3) to base 7
-13
-12 (base 3) to base 7
-5
Convert 50 (base 14) to base 10.
70
3 (base 16) to base 10
3
What is 18 (base 10) in base 11?
17
Convert -8 (base 16) to base 5.
-13
Convert 9 (base 13) to base 2.
1001
21220 (base 3) to base 6
553
Convert 25 (base 8) to base 11.
1a
Convert 11 (base 6) to base 11.
7
-1 (base 11) to base 9
-1
Convert 21 (base 3) to base 12.
7
41 (base 8) to base 2
100001
What is -11 (base 6) in base 11?
-7
6 (base 7) to base 4
12
What is 14 (base 10) in base 8?
16
Convert 236 (base 10) to base 16.
ec
50 (base 9) to base 15
30
-45 (base 15) to base 10
-65
-1000 (base 3) to base 8
-33
-c (base 13) to base 14
-c
Convert 1 (base 14) to base 10.
1
What is 31 (base 6) in base 12?
17
Convert -3 (base 8) to base 6.
-3
What is 10 (base 6) in base 4?
12
What is -16 (base 10) in base 8?
-20
Convert 165 (base 8) to base 14.
85
Convert -79 (base 12) to base 7.
-162
What is 30 (base 16) in base 14?
36
1 (base 14) to base 2
1
Convert 1 (base 15) to base 14.
1
What is -10 (base 5) in base 4?
-11
What is -31 (base 8) in base 14?
-1b
1f (base 16) to base 2
11111
55 (base 11) to base 4
330
Convert 122 (base 11) to base 16.
91
What is 2 (base 14) in base 10?
2
10010 (base 2) to base 3
200
Convert 141 (base 7) to base 6.
210
Convert -6 (base 13) to base 14.
-6
What is a (base 13) in base 7?
13
4 (base 15) to base 4
10
What is 3 (base 14) in base 15?
3
41 (base 11) to base 2
101101
Convert 38 (base 15) to base 5.
203
Convert 22 (base 10) to base 12.
1a
What is 2 (base 16) in base 14?
2
Convert -11010 (base 2) to base 5.
-101
5 (base 8) to base 13
5
-2 (base 6) to base 15
-2
a7 (base 16) to base 9
205
3 (base 7) to base 15
3
Convert 13 (base 13) to base 4.
100
-101 (base 2) to base 4
-11
43 (base 15) to base 2
111111
What is -3 (base 7) in base 12?
-3
8 (base 10) to base 4
20
What is -1 (base 6) in base 3?
-1
-101111 (base 2) to base 8
-57
What is 20 (base 6) in base 13?
c
What is 12 (base 3) in base 6?
5
What is -3 (base 4) in base 13?
-3
Convert 1 (base 6) to base 4.
1
Convert -1 (base 9) to base 16.
-1
Convert 4 (base 11) to base 8.
4
What is 34 (base 10) in base 8?
42
What is 2 (base 5) in base 16?
2
Convert 111101 (base 2) to base 4.
331
Convert 0 (base 13) to base 5.
0
45 (base 16) to base 2
1000101
What is -403 (base 8) in base 5?
-2014
-2 (base 10) to base 15
-2
10 (base 16) to base 14
12
Convert 10 (base 3) to base 7.
3
6 (base 8) to base 14
6
34 (base 6) to base 12
1a
Convert 42 (base 9) to base 16.
26
Convert -2b (base 16) to base 10.
-43
Convert -5 (base 15) to base 16.
-5
What is -8 (base 10) in base 16?
-8
What is -4 (base 9) in base 12?
-4
1 (base 10) to base 13
1
-32 (base 6) to base 12
-18
-6 (base 12) to base 8
-6
What is 48 (base 10) in base 15?
33
-2 (base 3) to base 10
-2
Convert 8 (base 16) to base 15.
8
Convert -3 (base 7) to base 16.
-3
Convert -5 (base 15) to base 10.
-5
Convert -5 (base 11) to base 6.
-5
Convert -20 (base 12) to base 7.
-33
2 (base 5) to base 4
2
Convert 255 (base 10) to base 16.
ff
-6 (base 12) to base 13
-6
-13 (base 9) to base 5
-22
What is 244 (base 6) in base 9?
121
What is -101 (base 5) in base 16?
-1a
What is -30 (base 5) in base 10?
-15
What is -b (base 15) in base 3?
-102
-128 (base 14) to base 11
-1a1
-4 (base 11) to base 8
-4
Convert 143 (base 9) to base 13.
93
Convert 2 (base 11) to base 5.
2
116 (base 13) to base 16
bc
What is 2121 (base 3) in base 4?
1012
1 (base 16) to base 15
1
What is 3 (base 6) in base 15?
3
What is -64 (base 13) in base 16?
-52
206 (base 9) to base 3
20020
What is 1 (base 2) in base 16?
1
2103 (base 4) to base 5
1042
-4 (base 16) to base 7
-4
-111010 (base 2) to base 5
-213
-130 (base 6) to base 11
-4a
Convert 1 (base 7) to base 12.
1
-5 (base 10) to base 14
-5
What is 10010 (base 2) in base 14?
14
What is d (base 15) in base 14?
d
332 (base 4) to base 15
42
Convert d (base 14) to base 4.
31
11 (base 3) to base 2
100
What is 4 (base 15) in base 9?
4
445 (base 6) to base 7
335
2 (base 13) to base 5
2
What is 6b (base 12) in base 8?
123
-1011100 (base 2) to base 4
-1130
-5 (base 13) to base 2
-101
11 (base 3) to base 2
100
12 (base 4) to base 14
6
-55 (base 6) to base 7
-50
What is 21 (base 4) in base 3?
100
What is 3 (base 16) in base 14?
3
-252 (base 8) to base 3
-20022
What is 4 (base 5) in base 16?
4
Convert 400 (base 8) to base 2.
100000000
Convert -1a3 (base 13) to base 10.
-302
Convert 26 (base 8) to base 11.
20
Convert -6 (base 8) to base 14.
-6
What is -5 (base 13) in base 15?
-5
64 (base 7) to base 2
101110
-10111101 (base 2) to base 6
-513
What is 101 (base 6) in base 8?
45
Convert 24 (base 5) to base 11.
13
What is 18 (base 10) in base 12?
16
What is 60 (base 8) in base 11?
44
Convert 2 (base 5) to base 3.
2
Convert -53 (base 6) to base 10.
-33
Convert -6 (base 16) to base 12.
-6
What is 2 (base 10) in base 13?
2
What is 4 (base 11) in base 12?
4
What is -2a (base 15) in base 13?
-31
e (base 15) to base 2
1110
What is -129 (base 12) in base 8?
-261
What is 320 (base 4) in base 14?
40
What is 17 (base 16) in base 11?
21
Convert 8 (base 14) to base 7.
11
Convert -8 (base 12) to base 8.
-10
20 (base 9) to base 10
18
-9 (base 10) to base 15
-9
What is 112 (base 3) in base 13?
11
-10 (base 2) to base 15
-2
What is -124 (base 6) in base 2?
-110100
What is 315 (base 7) in base 2?
10011111
Convert 3 (base 7) to base 9.
3
Convert -8 (base 11) to base 7.
-11
2 (base 4) to base 6
2
-1 (base 14) to base 9
-1
-126 (base 8) to base 10
-86
What is 15 (base 16) in base 15?
16
What is -84 (base 13) in base 4?
-1230
What is 2 (base 5) in base 6?
2
Convert 2 (base 9) to base 8.
2
-3 (base 8) to base 11
-3
What is -152 (base 7) in base 10?
-86
100100111 (base 2) to base 9
357
What is -3 (base 16) in base 15?
-3
Convert -7 (base 10) to base 3.
-21
What is -68 (base 10) in base 3?
-2112
-331 (base 5) to base 15
-61
What is 16 (base 13) in base 8?
23
Convert -46 (base 7) to base 16.
-22
0 (base 9) to base 12
0
53 (base 12) to base 8
77
5 (base 10) to base 5
10
Convert -7 (base 16) to base 3.
-21
Convert 3 (base 8) to base 7.
3
Convert 110 (base 9) to base 8.
132
What is -23 (base 6) in base 12?
-13
Convert 184 (base 9) to base 10.
157
-10000 (base 2) to base 4
-100
Convert 130 (base 8) to base 11.
80
-30 (base 11) to base 9
-36
What is -27 (base 13) in base 11?
-30
Convert 3 (base 8) to base 15.
3
-6 (base 12) to base 16
-6
Convert 103 (base 10) to base 6.
251
Convert 2 (base 7) to base 5.
2
Convert 15 (base 7) to base 5.
22
What is 20 (base 11) in base 3?
211
23 (base 7) to base 14
13
What is -142 (base 6) in base 15?
-42
What is 1 (base 8) in base 4?
1
Convert -1 (base 2) to base 8.
-1
What is -2 (base 12) in base 6?
-2
-d9 (base 14) to base 11
-164
What is 34 (base 15) in base 6?
121
Convert 3 (base 5) to base 12.
3
Convert e0 (base 15) to base 2.
11010010
Convert a (base 15) to base 16.
a
Convert 3 (base 9) to base 11.
3
2 (base 6) to base 4
2
-50 (base 9) to base 3
-1200
4 (base 15) to base 5
4
-2 (base 3) to base 4
-2
-9 (base 16) to base 5
-14
What is -3 (base 6) in base 15?
-3
-4 (base 7) to base 9
-4
What is 41 (base 12) in base 2?
110001
-2 (base 5) to base 4
-2
What is -2 (base 13) in base 4?
-2
What is -46 (base 8) in base 5?
-123
Convert 52 (base 16) to base 14.
5c
-1d (base 14) to base 16
-1b
Convert -2 (base 5) to base 4.
-2
What is -84 (base 12) in base 14?
-72
-3 (base 9) to base 7
-3
-45 (base 15) to base 12
-55
What is 9 (base 16) in base 14?
9
-113 (base 5) to base 13
-27
What is -32 (base 10) in base 8?
-40
14 (base 